= -2*v**2 + 2*v + 1. Let c(s) = -13*s**2 + 19*s. Suppose 242 = -8*l + 234. Let b(f) = l*c(f) + 6*i(f). Calculate b(4).
-6
Let i(s) = 109 - 12*s**2 - 10*s**2 + 28*s**2 - 29*s - 8*s**2 + s**2. Give i(-32).
13
Suppose -12 = -15*g + 9*g. Let d(c) = -10 - 44166*c + 44168*c + 4 + c**g. Give d(5).
29
Let u(l) = -16*l - 7*l - 46*l**2 - 10*l - l**3 + 65*l**2. Give u(17).
17
Let c(y) = 470 + 2*y - 1015 - 7*y**3 + 548 + 0*y - 2*y**2. What is c(-1)?
6
Let y = -3264 + 3263. Let d(r) = 60*r**3 + r**2. Determine d(y).
-59
Let l(a) = 6*a + 2. Let p = 1992 + -1993. Determine l(p).
-4
Let g be -4*3/(11 - -1). Let r(p) be the third derivative of p**6/120 + p**5/30 - p**3/6 + 6*p**2 - 28*p. Give r(g).
0
Let f(z) = 986814*z - 5*z**2 + 4*z**2 + 14 - z**2 - 986812*z. Determine f(6).
-46
Let q(c) = 14*c - 19. Let y(n) = 5*n - 7. Suppose -2*v = -5*v - 9, 5*j - 4*v + 3 = 0. Let h(z) = j*q(z) + 8*y(z). Calculate h(-3).
7
Let z(b) = -11*b**2 + 33*b + 5. Let q(v) = 14*v + 491*v**2 + 2*v - 496*v**2 + 3. Let j(h) = -13*q(h) + 6*z(h). What is j(-10)?
-9
Let y be (-28)/(-4) + 10*7/(-14). Let s(z) be the second derivative of 0 + 1/12*z**4 + 13*z - 4/3*z**3 + 3*z**y. What is s(5)?
-9
Suppose q + 4*x - 2 = -17, -8 = 4*q + 3*x. Suppose 21*l = 40*l - 57. Let y(u) = -1522*u**3 + 2 + 1525*u**l - 2. Give y(q).
3
Let d(l) = l**2 + 3*l + 6. Let c be ((-32)/12)/(78/18 - 4). Let m be (-4)/c + -5 + 9/2. Calculate d(m).
6
Let p(g) = -15*g + 5. Let w(o) = 1 + 2 + 34*o - 42*o. Let j(z) = -6*p(z) + 11*w(z). Suppose 7*d - 2*r + 7 = 2*d, 19 = -d - 4*r. Determine j(d).
-3
Suppose -36 = -4*x - 2*c + 86, -4*c + 120 = 4*x. Suppose -7*z + x + 11 = 0. Let a(b) = -b**3 + 5*b**2 + 7*b - 2. Give a(z).
4
Let b(o) = 4 - 3 - 3. Let q(y) = -y + 6. Let h(f) = 5*b(f) + 2*q(f). Calculate h(6).
-10
Let r(o) = o**3 - 10*o**2 - 6*o - 13. Let a be (-3)/(-21) - 988/(-91). Determine r(a).
42
Let q(x) = -x - 12. Let g(z) = 5*z - 60. Let a be g(12). Suppose -2*v + 2*y = 16, -3*y - 4 = v - a. Give q(v).
-5
Let v(q) be the first derivative of 198 + 11/2*q**2 + 2*q. Calculate v(-3).
-31
Let l = 3190 + -3179. Suppose 0*m + 5*h = 5*m - 25, -4*m - 2*h = -38. Let k(x) = l*x + 10 + m*x + x**2 + 2*x - 10*x. What is k(-9)?
-8
Let c = 268 - 266. Suppose c*h - 5*j = 12 + 22, h - j = 11. Let p(g) = -g**2 + 8*g - 7. Determine p(h).
0
Let a(y) = 8*y - 7. Let o be 4*-7*(-39)/364. Give a(o).
17
Let j be (84/16 - 6)*(4 - 8). Suppose -2*z + 2 = -6. Let x(l) = -1 + z*l - 6*l + l. What is x(j)?
-4
Let t(q) = -2*q + 15. Suppose -2*c - 4 = -2*a, 3*c + 2*c - 25 = -2*a. Suppose 3*n - c = -4*m - 1, 0 = n + 2*m. Let o be (-3 + n + -3)/(4/(-10)). Determine t(o).
-5
Let u(i) = 42*i - 1152. Let a(c) = -16*c + 462. Let p(d) = -12*a(d) - 5*u(d). Determine p(12).
0
Let u(s) = -s**2 + 10*s + 6. Let k(m) = 188*m**3 + m**2 + m. Let j be k(-1). Let q = 198 + j. What is u(q)?
6
Suppose -3*n + 9*n - 96 = 0. Let q be ((-76)/20 - -3)*-5*n. Let d = q + -61. Let v(k) = -6*k + 4. Determine v(d).
-14
Let g(i) = -i**3 - 5*i**2 + 6*i - 6. Let a be (-792)/30*20/6. Let o = a - -88. Suppose 2*c + 2*h = c, o = -3*c - 5*h - 3. What is g(c)?
-6
Let h(l) be the third derivative of -l**4/12 + l**3 - 36*l**2 - 12*l. Suppose 30 = 6*n - n. Give h(n).
-6
Let n(f) = -f**2 + 17*f + 38. Suppose 240 = 28*a - 152. Give n(a).
80
Let i(y) be the third derivative of -y**7/2520 - y**6/80 - 31*y**5/20 - 31*y**2 - 1. Let l(r) be the third derivative of i(r). Calculate l(7).
-23
Suppose -4*m - d = -194 + 198, m - 3*d - 25 = 0. Let k(o) = -4*o**3 - 4 + 3*o**3 + 5 + o**2. Determine k(m).
1
Let w(v) = -v + 6. Suppose -2*k - k - 3*f = -3, 3*k - 2*f - 28 = 0. Let d(m) = -10*m + 55. Let g(b) = k*d(b) - 55*w(b). Determine g(-3).
15
Suppose 0 = -4277*d + 4303*d + 390. Let r(m) = 39*m + 589. Determine r(d).
4
Let z(v) = -3*v**2 - 31*v + 5. Let d be z(-9). Let a(h) = 3*h - 9*h**2 - d - 34 + 77 - 2*h - 4*h. Determine a(1).
-10
Let o(y) = -y**2 - 12*y - 14. Let j(n) = 2. Let k(x) = j(x) + o(x). Calculate k(-4).
20
Let n(d) be the third derivative of -d**4/24 - 3*d**3 - 3202*d**2. Suppose -2*m - 12 = -0*m + 4*p, -3*p = 5*m + 37. Give n(m).
-10
Let z(c) = -c**3 - 4*c**2 - 4*c - 4. Suppose -q + y = -0*q - 10, 0 = -3*q - 3*y + 30. Let l be ((-155)/q)/(3/(-6)). Suppose 0 = 10*s + l - 1. What is z(s)?
-1
Let q(v) = 24*v - 106. Suppose -403 - 337 = -148*w. Determine q(w).
14
Let o(q) = -6*q**3 + 12*q - 11. Suppose 300 = -43*u + 343. Give o(u).
-5
Let l(z) = -551*z + 6061. Let g be l(11). Let x(f) = 2*f + 26. Give x(g).
26
Let v(q) = -8*q**2 + 17*q + 102. Let g(x) = -3*x**2 + 9*x + 34. Let d(a) = 5*g(a) - 2*v(a). What is d(-19)?
118
Suppose -l - 25 = -u, -2*u - 3*u - l = -125. Let t be 1/2*-1*(-39 + u). Let f(h) = -h**3 + 7*h**2 + h - 9. Calculate f(t).
-2
Suppose 0 = -c + 5*w + 3 + 5, 4*c - 15 = 3*w. Let q(g) = 11*g**3 + 10*g**c - 26*g**3 + 7*g**2 - 12*g + 6*g**3 + 4*g + 8. Give q(-8).
8
Let v(g) = -2*g**2 - 73*g - 626. Let k be v(-14). Let s(q) be the first derivative of q**4/4 - 4*q**3/3 + 4*q + 1. What is s(k)?
4
Let j be 22/(-2) - (-153 + 120). Let h(s) = 2*s**2 - 43*s - 30. What is h(j)?
-8
Suppose -a = -2*a + 5, 2*a + 36 = -u. Let h = u + 44. Let f(n) = 0 + 116*n + 1 + n**2 - 116*n. Determine f(h).
5
Let l(i) = -i**2. Suppose 12*r = 9*r - 9, 0 = 2*j - r - 13. Let n(c) = -2*c**3 - 13*c**2 - 4 + 8*c + 2*c**3 - c**3. Let m(y) = j*l(y) - n(y). Calculate m(-9).
-5
Let p(o) be the second derivative of -o**4/6 + 7*o**3/6 - 5*o**2/2 - o + 63. What is p(4)?
-9
Let v(d) = -17*d**3 - 39*d**2 - 35*d - 7. Let y(t) = 6*t**3 + 13*t**2 + 12*t + 2. Let i(b) = 4*v(b) + 11*y(b). Calculate i(-6).
6
Let v(d) = -1241 + 3*d**2 - 1008 + 2*d + 2168. Calculate v(0).
-81
Let c(w) = -8*w + 36. Let y be c(5). Let q(b) = 3*b + 7. Let h(p) = p + 4. Let r(t) = y*q(t) + 7*h(t). Let l be 6/8 + (-3)/(-12). What is r(l)?
-5
Let b(k) be the second derivative of -k**5/20 - k**4/2 + k**3/6 - 3*k**2 - 937*k. Calculate b(-6).
-12
Let v be 10/(-4) + 3 + (-30)/12. Let l(a) = -14*a**2 + 10*a**2 - 6 - 10 + 15. Calculate l(v).
-17
Let g(v) be the first derivative of -v**2 + 36*v - 434. Give g(19).
-2
Suppose 2*d + 4*s - 24 = 0, -4*d - 12*s + 30 = -7*s. Let i(r) = -r**3 - r**2 - 2*r - 47. What is i(d)?
-47
Suppose -14*d = -6*d - 192. Suppose 29*p - d*p = 15. Suppose -26 + 8 = p*b. Let v(j) = j. Determine v(b).
-6
Let b(l) be the second derivative of -l**5/60 + l**4/24 + l**3/6 + 75*l**2/2 + l + 28. Let d(o) be the first derivative of b(o). Give d(2).
-1
Let c(i) = 2*i**3 + 3*i**2 + 6*i + 9. Let r = -7295 + 7292. What is c(r)?
-36
Let y(q) be the second derivative of q**5/120 - q**4/3 - 9*q**3 + 3*q + 2. Let t(s) be the second derivative of y(s). Calculate t(0).
-8
Let r(d) = -2*d**3 - 1. Suppose i + 3*z - 35 = -3*i, -32 = -4*i - 4*z. Suppose i*u = -7*u - 36. Give r(u).
15
Let p(v) = -v**3 - 10*v**2 - 12*v + 2. Let u be (-184)/(-736) - ((-21)/(-4) - -3). Calculate p(u).
-30
Let t(d) be the first derivative of 5*d + 5/2*d**2 - 11. Calculate t(-4).
-15
Let p = 625 - 270. Let q be 1278/p*5/(-2). Let u(m) = m**3 + 8*m**2 - 11*m - 11. Give u(q).
7
Let j(w) = -w**3 + 5*w**2 - 3*w - 1. Let i be 182/7 - (-2)/(-1). Let l = 19 - i. Let q = -1 - l. Give j(q).
3
Let t(v) = -2*v**2 - 12*v. Suppose 4*g + 16 = -2*l + 7*l, -5*l - 2*g = -22. Suppose l*y = c - 1 + 7, -2*y = 0. Determine t(c).
0
Let j(q) be the first derivative of q**4/4 - 3*q**3 + q**2 + 52*q - 1844. Give j(8).
4
Let r be (-6)/4*(-1 - -3). Let o(h) = 9 + 6416*h - 11929*h + 5518*h. What is o(r)?
-6
Let b(q) be the first derivative of -q**5/60 + q**4/6 + 5*q**3/3 + q**2 + 65*q + 143. Let l(j) be the second derivative of b(j). Calculate l(4).
10
Let k(d) = -16*d**2 + 89*d + 201. Let n(i) = 3*i**2 - 18*i - 37. Let v(c) = 2*k(c) + 11*n(c). Give v(10).
-105
Let l(k) be the first derivative of -3*k**2/2 + 31*k + 1460. What is l(6)?
13
Let o = 28 + -23. Suppose -o*n + 42 = 4*q, -3*n + 8*n + q = 33. Let r(y) = n + 2*y - 7 - y. Determine r(5).
4
Let w be 25/10*(-12)/(-5). Let r(o) = 5*o - 20. Let u be r(w). Let d(v) = v**3 - 4*v**2 - 2 - u*v - 2*v + 7*v. Calculate d(5).
-2
Suppose -3*n + 8 = -h + 3*h, -9 = -2*n - 5*h. Suppose n*a = k - 9, k = a + 2 + 3. Let p(t) = 5*t + 0*t + k + 0 + t**2. Calculate p(-6).
7
Let i = -3021 - -3023. Let a(d) be the second derivative of 5/12*d**4 - 4*d**i + 1/20*d**5 + 0 -